{"id":86,"date":"2019-12-23T20:19:11","date_gmt":"2019-12-23T19:19:11","guid":{"rendered":"https:\/\/www.redegold.de\/shop\/zahlungsweisen\/"},"modified":"2023-04-13T21:30:51","modified_gmt":"2023-04-13T19:30:51","slug":"zahlungsweisen","status":"publish","type":"page","link":"https:\/\/www.redegold.de\/shop\/zahlungsweisen\/","title":{"rendered":"Preise"},"content":{"rendered":"<h2>Preise<\/h2>\n<p>Die in den jewei\u00adligen Ange\u00adboten ange\u00adf\u00fchrten Preise stellen Endpreise dar. Sie beinhalten alle Preis\u00adbe\u00adstand\u00adteile einschlie\u00df\u00adlich Liefer- und Versand\u00adkosten sowie etwaig anfal\u00adlende Steuern wie Mehr\u00adwert\u00adsteuer. Nur bei grenz\u00ad\u00fcber\u00adschrei\u00adtender Liefe\u00adrung k\u00f6nnen im Einzel\u00adfall weitere Steuern (z. B. im Falle eines inner\u00adge\u00admein\u00adschaft\u00adli\u00adchen Erwerbs) und\/oder Abgaben (z. B. Z\u00f6lle) von Ihnen zu zahlen sein, jedoch nicht an den Verk\u00e4ufer, sondern an die dort zust\u00e4n\u00addigen Zoll- bzw. Steuerbeh\u00f6rden.<\/p>\n","protected":false},"excerpt":{"rendered":"<p>Preise Die in den jewei\u00adligen Ange\u00adboten ange\u00adf\u00fchrten Preise stellen Endpreise dar. Sie beinhalten alle Preis\u00adbe\u00adstand\u00adteile einschlie\u00df\u00adlich Liefer- und Versand\u00adkosten sowie etwaig anfal\u00adlende Steuern wie Mehr\u00adwert\u00adsteuer. Nur bei grenz\u00ad\u00fcber\u00adschrei\u00adtender Liefe\u00adrung k\u00f6nnen im Einzel\u00adfall weitere Steuern (z. B. im Falle eines inner\u00adge\u00admein\u00adschaft\u00adli\u00adchen Erwerbs) und\/oder Abgaben (z. B. Z\u00f6lle) von Ihnen zu zahlen sein, jedoch nicht an den <a href=\"https:\/\/www.redegold.de\/shop\/zahlungsweisen\/\"> [\u2026]<\/a><\/p>\n","protected":false},"author":1,"featured_media":0,"parent":0,"menu_order":0,"comment_status":"closed","ping_status":"closed","template":"","meta":{"wp_typography_post_enhancements_disabled":false,"footnotes":""},"class_list":["post-86","page","type-page","status-publish","hentry"],"_links":{"self":[{"href":"https:\/\/www.redegold.de\/shop\/wp-json\/wp\/v2\/pages\/86","targetHints":{"allow":["GET"]}}],"collection":[{"href":"https:\/\/www.redegold.de\/shop\/wp-json\/wp\/v2\/pages"}],"about":[{"href":"https:\/\/www.redegold.de\/shop\/wp-json\/wp\/v2\/types\/page"}],"author":[{"embeddable":true,"href":"https:\/\/www.redegold.de\/shop\/wp-json\/wp\/v2\/users\/1"}],"replies":[{"embeddable":true,"href":"https:\/\/www.redegold.de\/shop\/wp-json\/wp\/v2\/comments?post=86"}],"version-history":[{"count":0,"href":"https:\/\/www.redegold.de\/shop\/wp-json\/wp\/v2\/pages\/86\/revisions"}],"wp:attachment":[{"href":"https:\/\/www.redegold.de\/shop\/wp-json\/wp\/v2\/media?parent=86"}],"curies":[{"name":"wp","href":"https:\/\/api.w.org\/{rel}","templated":true}]}}